{"id":473,"date":"2022-06-14T14:17:33","date_gmt":"2022-06-14T12:17:33","guid":{"rendered":"https:\/\/maternelle-antoine-remond-lyon.blog.ac-lyon.fr\/wordpress\/?page_id=473"},"modified":"2022-06-21T15:41:26","modified_gmt":"2022-06-21T13:41:26","slug":"lequipe-pedagogique","status":"publish","type":"page","link":"https:\/\/maternelle-antoine-remond-lyon.blog.ac-lyon.fr\/wordpress\/lequipe-pedagogique\/","title":{"rendered":"L\u2019\u00e9quipe p\u00e9dagogique"},"content":{"rendered":"\n<p><strong>Directrice\u202f:<\/strong> Leila PASQUALINI&nbsp;<\/p>\n\n\n\n<p>Adresse \u00e9lectronique: mat6.remond@mairie-lyon.fr&nbsp;&nbsp;&nbsp;<\/p>\n<p>La directrice \u00e9tant \u00e9galement professeur des \u00e9coles dans une classe, un r\u00e9pondeur prendra les messages qui seront \u00e9cout\u00e9s en fin de journ\u00e9e. Le jour consacr\u00e9 aux activit\u00e9s de direction est le jeudi.&nbsp;<\/p>\n\n\n\n<p><strong>Equipe enseignante\u202f:<\/strong>&nbsp;&nbsp;<\/p>\n\n\n\n<p>Classe 1\u202f: PS\/GS\u202f: Emmanuelle de Montbrun&nbsp;<\/p>\n\n\n\n<p>Classe 2\u202f: PS\u202f: Olivier Houdayer&nbsp;<\/p>\n\n\n\n<p>Classe 3\u202f: PS\u202f: Bertrand Jolys&nbsp;<\/p>\n\n\n\n<p>Classe 4\u202f: GS\u202f:Julie Claude (lundi, mardi) et Agn\u00e8s Charlet (jeudi, vendredi)&nbsp;<\/p>\n\n\n\n<p>Classe 5\u202f: MS\u202f: Claire Allirand&nbsp;<\/p>\n\n\n\n<p>Classe 6\u202f:PS\/GS\u202f: Leila Pasqualini (lundi, mardi, vendredi) et Julie Claude (jeudi)&nbsp;<\/p>\n\n\n\n<p>Classe 7\u202f: MS\u202f: Sonia Seltane&nbsp;<\/p>\n\n\n\n<ul style=\"list-style-type: disc;\">\n<li>PS\u202f: Petite Section&nbsp;&nbsp;<\/li>\n<li>MS\u202f: Moyenne Section&nbsp;&nbsp;<\/li>\n<li>GS\u202f: Grande Section&nbsp;<\/li>\n<\/ul>\n\n\n\n<p><strong>Les ATSEM (Agent Territorial Sp\u00e9cialis\u00e9 des Ecoles Maternelles)<\/strong>: <\/p>\n\n\n\n<p>Ils interviennent notamment durant les temps scolaires et la pause de midi\u202f: ils d\u00e9pendent de la ville de Lyon.\u00a0\u00a0\u00a0<\/p>\n\n\n\n<p><strong>Inspectrice de l\u2019\u00c9ducation nationale :<\/strong> Mme Mariane Dayd\u00e9\u00a0<\/p>\n\n\n\n<p>Notre \u00e9cole est rattach\u00e9e \u00e0 la circonscription de Lyon 6 Villeurbanne.<\/p>\n\n\n\n<p>Bureau de la circonscription :&nbsp;<br>\u00c9cole Andr\u00e9 Philip&nbsp;<br>50, Rue Dunoir 69003&nbsp;LYON&nbsp;<br>Mail :&nbsp;<a href=\"mailto:ce.0693522d@ac-lyon.fr\" target=\"_blank\" rel=\"noreferrer noopener\">ce.0693522d@ac-lyon.fr<\/a> &nbsp;&nbsp;<\/p>\n","protected":false},"excerpt":{"rendered":"<p>Directrice\u202f: Leila PASQUALINI&nbsp; Adresse \u00e9lectronique: mat6.remond@mairie-lyon.fr&nbsp;&nbsp;&nbsp; La directrice \u00e9tant \u00e9galement professeur des \u00e9coles dans une classe, un r\u00e9pondeur prendra les messages qui seront \u00e9cout\u00e9s en fin de journ\u00e9e. Le jour &hellip; <\/p>\n<p class=\"link-more\"><a href=\"https:\/\/maternelle-antoine-remond-lyon.blog.ac-lyon.fr\/wordpress\/lequipe-pedagogique\/\" class=\"more-link\">Continuer la lecture<span class=\"screen-reader-text\"> de &laquo;&nbsp;L\u2019\u00e9quipe p\u00e9dagogique&nbsp;&raquo;<\/span><\/a><\/p>\n","protected":false},"author":17,"featured_media":0,"parent":0,"menu_order":0,"comment_status":"closed","ping_status":"closed","template":"","meta":{"ngg_post_thumbnail":0,"_EventAllDay":false,"_EventTimezone":"","_EventStartDate":"","_EventEndDate":"","_EventStartDateUTC":"","_EventEndDateUTC":"","_EventShowMap":false,"_EventShowMapLink":false,"_EventURL":"","_EventCost":"","_EventCostDescription":"","_EventCurrencySymbol":"","_EventCurrencyCode":"","_EventCurrencyPosition":"","_EventDateTimeSeparator":"","_EventTimeRangeSeparator":"","_EventOrganizerID":[],"_EventVenueID":0,"_OrganizerEmail":"","_OrganizerPhone":"","_OrganizerWebsite":"","_VenueAddress":"","_VenueCity":"","_VenueCountry":"","_VenueProvince":"","_VenueZip":"","_VenuePhone":"","_VenueURL":"","_VenueStateProvince":"","_VenueLat":"","_VenueLng":"","footnotes":""},"class_list":["post-473","page","type-page","status-publish","hentry"],"yoast_head":"<!-- This site is optimized with the Yoast SEO plugin v24.9 - https:\/\/yoast.com\/wordpress\/plugins\/seo\/ -->\n<title>L\u2019\u00e9quipe p\u00e9dagogique - Ecole Maternelle Antoine Remond<\/title>\n<meta name=\"robots\" content=\"index, follow, max-snippet:-1, max-image-preview:large, max-video-preview:-1\" \/>\n<link rel=\"canonical\" href=\"https:\/\/maternelle-antoine-remond-lyon.blog.ac-lyon.fr\/wordpress\/lequipe-pedagogique\/\" \/>\n<meta property=\"og:locale\" content=\"fr_FR\" \/>\n<meta property=\"og:type\" content=\"article\" \/>\n<meta property=\"og:title\" content=\"L\u2019\u00e9quipe p\u00e9dagogique - Ecole Maternelle Antoine Remond\" \/>\n<meta property=\"og:description\" content=\"Directrice\u202f: Leila PASQUALINI&nbsp; Adresse \u00e9lectronique: mat6.remond@mairie-lyon.fr&nbsp;&nbsp;&nbsp; La directrice \u00e9tant \u00e9galement professeur des \u00e9coles dans une classe, un r\u00e9pondeur prendra les messages qui seront \u00e9cout\u00e9s en fin de journ\u00e9e. Le jour &hellip; Continuer la lecture de &laquo;&nbsp;L\u2019\u00e9quipe p\u00e9dagogique&nbsp;&raquo;\" \/>\n<meta property=\"og:url\" content=\"https:\/\/maternelle-antoine-remond-lyon.blog.ac-lyon.fr\/wordpress\/lequipe-pedagogique\/\" \/>\n<meta property=\"og:site_name\" content=\"Ecole Maternelle Antoine Remond\" \/>\n<meta property=\"article:modified_time\" content=\"2022-06-21T13:41:26+00:00\" \/>\n<meta name=\"twitter:card\" content=\"summary_large_image\" \/>\n<meta name=\"twitter:label1\" content=\"Dur\u00e9e de lecture estim\u00e9e\" \/>\n\t<meta name=\"twitter:data1\" content=\"1 minute\" \/>\n<script type=\"application\/ld+json\" class=\"yoast-schema-graph\">{\"@context\":\"https:\/\/schema.org\",\"@graph\":[{\"@type\":\"WebPage\",\"@id\":\"https:\/\/maternelle-antoine-remond-lyon.blog.ac-lyon.fr\/wordpress\/lequipe-pedagogique\/\",\"url\":\"https:\/\/maternelle-antoine-remond-lyon.blog.ac-lyon.fr\/wordpress\/lequipe-pedagogique\/\",\"name\":\"L\u2019\u00e9quipe p\u00e9dagogique - Ecole Maternelle Antoine Remond\",\"isPartOf\":{\"@id\":\"https:\/\/maternelle-antoine-remond-lyon.blog.ac-lyon.fr\/wordpress\/#website\"},\"datePublished\":\"2022-06-14T12:17:33+00:00\",\"dateModified\":\"2022-06-21T13:41:26+00:00\",\"breadcrumb\":{\"@id\":\"https:\/\/maternelle-antoine-remond-lyon.blog.ac-lyon.fr\/wordpress\/lequipe-pedagogique\/#breadcrumb\"},\"inLanguage\":\"fr-FR\",\"potentialAction\":[{\"@type\":\"ReadAction\",\"target\":[\"https:\/\/maternelle-antoine-remond-lyon.blog.ac-lyon.fr\/wordpress\/lequipe-pedagogique\/\"]}]},{\"@type\":\"BreadcrumbList\",\"@id\":\"https:\/\/maternelle-antoine-remond-lyon.blog.ac-lyon.fr\/wordpress\/lequipe-pedagogique\/#breadcrumb\",\"itemListElement\":[{\"@type\":\"ListItem\",\"position\":1,\"name\":\"Accueil\",\"item\":\"https:\/\/maternelle-antoine-remond-lyon.blog.ac-lyon.fr\/wordpress\/\"},{\"@type\":\"ListItem\",\"position\":2,\"name\":\"L\u2019\u00e9quipe p\u00e9dagogique\"}]},{\"@type\":\"WebSite\",\"@id\":\"https:\/\/maternelle-antoine-remond-lyon.blog.ac-lyon.fr\/wordpress\/#website\",\"url\":\"https:\/\/maternelle-antoine-remond-lyon.blog.ac-lyon.fr\/wordpress\/\",\"name\":\"Ecole Maternelle Antoine Remond\",\"description\":\"\",\"potentialAction\":[{\"@type\":\"SearchAction\",\"target\":{\"@type\":\"EntryPoint\",\"urlTemplate\":\"https:\/\/maternelle-antoine-remond-lyon.blog.ac-lyon.fr\/wordpress\/?s={search_term_string}\"},\"query-input\":{\"@type\":\"PropertyValueSpecification\",\"valueRequired\":true,\"valueName\":\"search_term_string\"}}],\"inLanguage\":\"fr-FR\"}]}<\/script>\n<!-- \/ Yoast SEO plugin. -->","yoast_head_json":{"title":"L\u2019\u00e9quipe p\u00e9dagogique - Ecole Maternelle Antoine Remond","robots":{"index":"index","follow":"follow","max-snippet":"max-snippet:-1","max-image-preview":"max-image-preview:large","max-video-preview":"max-video-preview:-1"},"canonical":"https:\/\/maternelle-antoine-remond-lyon.blog.ac-lyon.fr\/wordpress\/lequipe-pedagogique\/","og_locale":"fr_FR","og_type":"article","og_title":"L\u2019\u00e9quipe p\u00e9dagogique - Ecole Maternelle Antoine Remond","og_description":"Directrice\u202f: Leila PASQUALINI&nbsp; Adresse \u00e9lectronique: mat6.remond@mairie-lyon.fr&nbsp;&nbsp;&nbsp; La directrice \u00e9tant \u00e9galement professeur des \u00e9coles dans une classe, un r\u00e9pondeur prendra les messages qui seront \u00e9cout\u00e9s en fin de journ\u00e9e. Le jour &hellip; Continuer la lecture de &laquo;&nbsp;L\u2019\u00e9quipe p\u00e9dagogique&nbsp;&raquo;","og_url":"https:\/\/maternelle-antoine-remond-lyon.blog.ac-lyon.fr\/wordpress\/lequipe-pedagogique\/","og_site_name":"Ecole Maternelle Antoine Remond","article_modified_time":"2022-06-21T13:41:26+00:00","twitter_card":"summary_large_image","twitter_misc":{"Dur\u00e9e de lecture estim\u00e9e":"1 minute"},"schema":{"@context":"https:\/\/schema.org","@graph":[{"@type":"WebPage","@id":"https:\/\/maternelle-antoine-remond-lyon.blog.ac-lyon.fr\/wordpress\/lequipe-pedagogique\/","url":"https:\/\/maternelle-antoine-remond-lyon.blog.ac-lyon.fr\/wordpress\/lequipe-pedagogique\/","name":"L\u2019\u00e9quipe p\u00e9dagogique - Ecole Maternelle Antoine Remond","isPartOf":{"@id":"https:\/\/maternelle-antoine-remond-lyon.blog.ac-lyon.fr\/wordpress\/#website"},"datePublished":"2022-06-14T12:17:33+00:00","dateModified":"2022-06-21T13:41:26+00:00","breadcrumb":{"@id":"https:\/\/maternelle-antoine-remond-lyon.blog.ac-lyon.fr\/wordpress\/lequipe-pedagogique\/#breadcrumb"},"inLanguage":"fr-FR","potentialAction":[{"@type":"ReadAction","target":["https:\/\/maternelle-antoine-remond-lyon.blog.ac-lyon.fr\/wordpress\/lequipe-pedagogique\/"]}]},{"@type":"BreadcrumbList","@id":"https:\/\/maternelle-antoine-remond-lyon.blog.ac-lyon.fr\/wordpress\/lequipe-pedagogique\/#breadcrumb","itemListElement":[{"@type":"ListItem","position":1,"name":"Accueil","item":"https:\/\/maternelle-antoine-remond-lyon.blog.ac-lyon.fr\/wordpress\/"},{"@type":"ListItem","position":2,"name":"L\u2019\u00e9quipe p\u00e9dagogique"}]},{"@type":"WebSite","@id":"https:\/\/maternelle-antoine-remond-lyon.blog.ac-lyon.fr\/wordpress\/#website","url":"https:\/\/maternelle-antoine-remond-lyon.blog.ac-lyon.fr\/wordpress\/","name":"Ecole Maternelle Antoine Remond","description":"","potentialAction":[{"@type":"SearchAction","target":{"@type":"EntryPoint","urlTemplate":"https:\/\/maternelle-antoine-remond-lyon.blog.ac-lyon.fr\/wordpress\/?s={search_term_string}"},"query-input":{"@type":"PropertyValueSpecification","valueRequired":true,"valueName":"search_term_string"}}],"inLanguage":"fr-FR"}]}},"_links":{"self":[{"href":"https:\/\/maternelle-antoine-remond-lyon.blog.ac-lyon.fr\/wordpress\/wp-json\/wp\/v2\/pages\/473","targetHints":{"allow":["GET"]}}],"collection":[{"href":"https:\/\/maternelle-antoine-remond-lyon.blog.ac-lyon.fr\/wordpress\/wp-json\/wp\/v2\/pages"}],"about":[{"href":"https:\/\/maternelle-antoine-remond-lyon.blog.ac-lyon.fr\/wordpress\/wp-json\/wp\/v2\/types\/page"}],"author":[{"embeddable":true,"href":"https:\/\/maternelle-antoine-remond-lyon.blog.ac-lyon.fr\/wordpress\/wp-json\/wp\/v2\/users\/17"}],"replies":[{"embeddable":true,"href":"https:\/\/maternelle-antoine-remond-lyon.blog.ac-lyon.fr\/wordpress\/wp-json\/wp\/v2\/comments?post=473"}],"version-history":[{"count":5,"href":"https:\/\/maternelle-antoine-remond-lyon.blog.ac-lyon.fr\/wordpress\/wp-json\/wp\/v2\/pages\/473\/revisions"}],"predecessor-version":[{"id":539,"href":"https:\/\/maternelle-antoine-remond-lyon.blog.ac-lyon.fr\/wordpress\/wp-json\/wp\/v2\/pages\/473\/revisions\/539"}],"wp:attachment":[{"href":"https:\/\/maternelle-antoine-remond-lyon.blog.ac-lyon.fr\/wordpress\/wp-json\/wp\/v2\/media?parent=473"}],"curies":[{"name":"wp","href":"https:\/\/api.w.org\/{rel}","templated":true}]}}